586717 a composite number?
True
Is 107999 composite?
False
Is 1465 a composite number?
True
Is 174451 a prime number?
False
Is 658669 prime?
False
Is 4609 prime?
False
Is 623 composite?
True
Is 34285 prime?
False
Is 765263 prime?
False
Is 91759 a composite number?
True
Is 413129 composite?
False
Is 151881 a composite number?
True
Is 1253929 a prime number?
False
Is 11233 composite?
True
Is 3518 prime?
False
Is 587 prime?
True
Is 17137 a composite number?
False
Is 454667 prime?
False
Is 1875521 a prime number?
True
Is 71017 prime?
False
Is 835669 a composite number?
True
Is 3433 a prime number?
True
Is 91673 a prime number?
True
Is 761689 a composite number?
False
Is 3047 prime?
False
Is 55969 composite?
True
Is 1754113 a composite number?
False
Is 273929 a composite number?
False
Is 79133 a composite number?
False
Is 1339901 a prime number?
True
Is 26549 composite?
True
Is 3221 a composite number?
False
Is 1519887 a prime number?
False
Is 2437 a composite number?
False
Is 6145 a prime number?
False
Is 20283 a prime number?
False
Is 21 prime?
False
Is 1761 a prime number?
False
Is 17245 a composite number?
True
Is 41879 a prime number?
True
Is 812033 a prime number?
True
Is 166259 a prime number?
True
Is 884651 a prime number?
True
Is 237509 a composite number?
False
Is 471893 a prime number?
True
Is 10473 composite?
True
Is 8269 a composite number?
False
Is 5131 a prime number?
False
Is 62051 a prime number?
False
Is 26449 composite?
False
Is 43657 a composite number?
True
Is 278323 prime?
False
Is 16505 a prime number?
False
Is 1259 composite?
False
Is 6469 prime?
True
Is 33 a composite number?
True
Is 212617 a composite number?
True
Is 351457 a prime number?
True
Is 187211 composite?
False
Is 131353 composite?
True
Is 752485 a prime number?
False
Is 2939 a prime number?
True
Is 148919 a composite number?
True
Is 614539 a composite number?
True
Is 1507 a composite number?
True
Is 16921 prime?
True
Is 367949 composite?
False
Is 899429 a composite number?
False
Is 479 a composite number?
False
Is 381 a prime number?
False
Is 117721 a prime number?
True
Is 49253 composite?
False
Is 144322 composite?
True
Is 28321 prime?
False
Is 1305283 a composite number?
True
Is 16495 a composite number?
True
Is 85379 prime?
False
Is 587603 a prime number?
True
Is 119855 a prime number?
False
Is 127 composite?
False
Is 19303 prime?
False
Is 11771 a composite number?
True
Is 3643 a prime number?
True
Is 522659 a prime number?
True
Is 101069 a composite number?
True
Is 1501 prime?
False
Is 168427 prime?
False
Is 64205 composite?
True
Is 279133 prime?
False
Is 7526231 composite?
False
Is 596161 a composite number?
True
Is 623701 prime?
False
Is 15037 composite?
True
Is 198719 prime?
True
Is 49103 prime?
True
Is 235987 a prime number?
False
Is 48907 composite?
False
Is 422741 prime?
False
Is 490697 composite?
False
Is 28687 a composite number?
False
Is 320065 a composite number?
True
Is 159931 prime?
True
Is 4213 a composite number?
True
Is 42239 a prime number?
True
Is 22523 composite?
True
Is 681 prime?
False
Is 441443 a prime number?
True
Is 503105 a prime number?
False
Is 245699 prime?
False
Is 57 a composite number?
True
Is 4861 prime?
True
Is 13763 a composite number?
False
Is 50579 composite?
True
Is 20711 a composite number?
True
Is 292343 a prime number?
True
Is 25339 a composite number?
False
Is 1178939 a composite number?
False
Is 37067 composite?
True
Is 17837 a composite number?
False
Is 37043 composite?
True
Is 7051 prime?
False
Is 42101 composite?
False
Is 6007 a prime number?
True
Is 127159 a prime number?
False
Is 13843 a prime number?
False
Is 9311 composite?
False
Is 618119 composite?
False
Is 9793 composite?
True
Is 763 composite?
True
Is 5219 a prime number?
False
Is 35641 a prime number?
False
Is 81611 prime?
True
Is 10843 prime?
False
Is 3270343 prime?
True
Is 15191 composite?
True
Is 36677 prime?
True
Is 3656795 prime?
False
Is 13483 composite?
True
Is 61193 a prime number?
False
Is 10546 prime?
False
Is 1228457 composite?
False
Is 9979 a composite number?
True
Is 40163 composite?
False
Is 335458 prime?
False
Is 8663 composite?
False
Is 7039 prime?
True
Is 328213 a composite number?
False
Is 3109 a prime number?
True
Is 794 prime?
False
Is 21899 a composite number?
True
Is 292497 a composite number?
True
Is 83837 a composite number?
True
Is 75305 a composite number?
True
Is 2431219 composite?
True
Is 1032943 a composite number?
False
Is 742379 prime?
False
Is 408041 a composite number?
False
Is 94889 prime?
True
Is 5209 prime?
True
Is 309851 prime?
True
Is 60985 a prime number?
False
Is 155371 a composite number?
False
Is 65359 a prime number?
False
Is 10753 prime?
True
Is 27074 a prime number?
False
Is 95189 a prime number?
True
Is 146177 a composite number?
True
Is 3274 composite?
True
Is 1249793 prime?
False
Is 655337 prime?
True
Is 73193 composite?
True
Is 29215 composite?
True
Is 7627 prime?
False
Is 14959 prime?
False
Is 2321 composite?
True
Is 140759 prime?
True
Is 58943 a prime number?
True
Is 1673 prime?
False
Is 62173 a prime number?
False
Is 97283 prime?
True
Is 56293 composite?
True
Is 7373 composite?
True
Is 39307 a composite number?
True
Is 8033 composite?
True
Is 29567 composite?
False
Is 94019 prime?
False
Is 30449 composite?
False
Is 541315 a composite number?
True
Is 648607 prime?
True
Is 78301 a prime number?
True
Is 6997 prime?
True
Is 178289 a composite number?
False
Is 5906 a composite number?
True
Is 69097 a composite number?
True
Is 34027 a composite number?
True
Is 193063 prime?
False
Is 25054 composite?
True
Is 268969 a composite number?
False
Is 1151 composite?
False
Is 23417 prime?
True
Is 521039 composite?
False
Is 1799 a prime number?
False
Is 13834 a composite number?
True
Is 909089 composite?
False
Is 11351 composite?
False
Is 14923 a composite number?
False
Is 1693 a composite number?
False
Is 44015 a prime number?
False
Is 1275213 a prime number?
False
Is 3323 prime?
True
Is 87847 prime?
False
Is 29599 a composite number?
False
Is 8209 composite?
False
Is 1237 a prime number?
True
Is 505 a prime number?
False
Is 761 a prime number?
True
Is 753295 prime?
False
Is 12149 a composite number?
False
Is 67819 a prime number?
True
Is 4751 a prime number?
True
Is 1787479 a composite number?
False
Is 185169 a prime number?
False
Is 111379 a prime number?
False
Is 1119103 a prime number?
False
Is 801499 a composite number?
True
Is 4645 composite?
True
Is 8683 a composite number?
True
Is 991061 a composite number?
True
Is 116189 composite?
False
Is 66017 a prime number?
False
Is 629 composite?
True
Is 12419 composite?
True
Is 3109 a composite number?
False
Is 24467 a composite number?
True
Is 603817 composite?
False
Is 1006933 prime?
True
Is 89251 prime?
False
Is 7433 a composite number?
False
Is 2784557 prime?
True
Is 1024015 a composite number?
True
Is 476701 a prime number?
True
Is 85991 a composite number?
False
Is 113891 composite?
False
Is 1499 a composite number?
False
Is 60569 a prime number?
False
Is 972197 composite?
False
Is 80893 a prime number?
False
Is 3019 a prime number?
True
Is 33791 a composite number?
False
Is 667 a prime number?
False
Is 116621 composite?
True
Is 44629 a composite number?
True
Is 33871 a prime number?
True
Is 974 a prime number?
False
Is 1915 a composite number?
True
Is 426211 prime?
True
Is 10393 composite?
True
Is 1100681 prime?
True
Is 281977 a composite number?
True
Is 7167107 a composite number?
True
Is 39703 prime?
True
Is 78835 prime?
False
Is 468505 prime?
False
Is 45947 a composite number?
True
Is 305 composite?
True
Is 826957 a composite number?
False
Is 1174 a prime number?
False
Is 2137687 composite?
False
Is 259201 composite?
False
Is 3299 a composite number?
False
Is 4449355 prime?
False
Is 115 a prime number?
False
Is 10841 a composite number?
True
Is 691 prime?
True
Is 21701 a prime number?
True
Is 253129 a composite number?
True
Is 2857 composite?
False
Is 144083 prime?
False
Is 22299 a prime number?
False
Is 22403 prime?
False
Is 8507 a prime number?
False
Is 26897 prime?
False
Is 12443 composite?
True
Is 221171 composite?
False
Is 2159 a composite number?
True
Is 9791 a composite number?
False
Is 1399 composite?
False
Is 7327 a composite number?
True
Is 80513